Calculate the remainder when 17 is divided by z.
1
Let w = 3 + -14. Let j = w - -76. Let s(r) = -6*r - 13. Calculate the remainder when j is divided by s(-5).
14
Let v = 38 + -21. Let c = -5 + v. Suppose -4*a + 4*t = 4, 3*t - 4 = 2*t. What is the remainder when c is divided by a?
0
Suppose -4*m = -0*m - 204. Let h = -1009 + 1029. Calculate the remainder when m is divided by h.
11
Suppose -v - 80 = -5*t + v, 0 = -4*t + 2*v + 62. What is the remainder when 337 is divided by t?
13
Let j(o) = o**3 - 5*o**2 - 2*o + 3. What is the remainder when j(6) is divided by (-1 + 2)*(0 + 5)?
2
Let o(h) = -11*h - 7. Let c(f) = -12*f - 7. Let z(s) = 3*c(s) - 4*o(s). What is the remainder when z(3) is divided by 11?
9
Suppose 20 = h + 12. Suppose -2*o = h*o - 280. Calculate the remainder when o is divided by 18.
10
Let i(u) = 7 + 0 + 2 + 2*u - 1. Calculate the remainder when i(5) is divided by 7.
4
Suppose -5*u = -5*s + 729 + 151, 0 = -2*u + 8. What is the remainder when s is divided by 56?
12
Let m = -19 + 76. Let z = m - 49. Calculate the remainder when 63 is divided by z.
7
Let j(b) = 159*b**3 - 2*b**2 + 1. Let x be j(1). Suppose 4*l + h + 12 - 216 = 0, 3*l - x = -2*h. Calculate the remainder when l is divided by 13.
11
Let g(a) = a**2 - 24*a + 54. What is the remainder when g(23) is divided by 16?
15
Let q(o) = -o**2 - 5*o + 4. Let m be q(3). Calculate the remainder when 17 is divided by ((-5)/5*m)/2.
7
Let h be (78 - 2)*18/8. Suppose 0 = -5*d + 2*d + h. What is the remainder when d is divided by 30?
27
Let v(b) = -13*b - 74. Calculate the remainder when 15 is divided by v(-6).
3
Suppose 0*c = c - 3*f - 198, 0 = 4*f + 20. Calculate the remainder when c is divided by 23.
22
Suppose 2*p = -2*b + 62, 3*p + 2*b + 15 = 103. Let q = 3 + 5. Calculate the remainder when p is divided by 74/q + 8/(-32).
8
Suppose -4*a + t - 8 = 3*t, -3*a = -4*t - 16. Suppose 4*g + 4*j = 88, -44 = -2*g + 5*j - a*j. Calculate the remainder when g is divided by 4.
2
Let t(j) = -j**2 + 21*j - 32. What is the remainder when 43 is divided by t(18)?
21
Calculate the remainder when 177 is divided by (2 + 25)*145/87.
42
Let r be ((-20)/(-35))/((-2)/(-7)). Suppose -32 = -2*c + 4*a, 2*c - 2*a = 3*c - 16. What is the remainder when (-8)/4*(-45)/r is divided by c?
13
Suppose 29*y - 624 - 217 = 0. Calculate the remainder when 170 is divided by y.
25
Suppose 57 = m - 5*z, 0 = -0*m + 4*m + 2*z - 140. Suppose -q = -5*q + 76. Calculate the remainder when m is divided by q.
18
Suppose 4*m + 7*s - 96 = 6*s, 0 = 3*m + 5*s - 55. What is the remainder when 1498 is divided by m?
23
Let n(y) = 18*y**2 + 1. Suppose 0 = 3*r - 7*r. Suppose r*q + 1 = q. What is the remainder when 36 is divided by n(q)?
17
Calculate the remainder when (-2)/(-1) + 61 + 6 is divided by 48.
21
Suppose -7*n + 75 + 737 = 0. What is the remainder when -1 - 7/((-14)/n) is divided by 12?
9
Calculate the remainder when 169 is divided by (-112)/(-6) - 12/(-36).
17
Let z = -4 - -10. Suppose -2*b + 6 = 0, -5*p + b + 30 = -17. What is the remainder when p is divided by z?
4
Let k(f) = 27*f - 747. Let g(b) = -4*b**3 - b - 1. Let z be g(-1). Suppose 0 = -z*o - 0*o + 100. Calculate the remainder when o is divided by k(28).
7
Let l = 3 + -1. Let i be (-2)/(-4) + (-5)/l. Calculate the remainder when 25 is divided by i/8 + (-148)/(-16).
7
Let h = 21 - 5. Let t = 91 + h. Calculate the remainder when (-20)/(-15) - t/(-3) is divided by 20.
17
Let s(r) = -2*r**3 - 84*r**2 - 3*r - 6. What is the remainder when 266 is divided by s(-42)?
26
Suppose 42*l = 21623 + 10003. What is the remainder when l is divided by 108?
105
Let a(g) = -g**2 + 2*g + 9. Let h be a(0). Calculate the remainder when -153*-3*2/h is divided by 26.
24
Calculate the remainder when 190 is divided by 10 + (-9)/(9/(-41)).
37
Calculate the remainder when 17 is divided by (2 + (-110)/25)/(4/(-10)).
5
Suppose 23*f = -3*f + 910. Calculate the remainder when 95 is divided by f.
25
Let i(d) = -d**3 + 2*d**2 - 4*d + 303. What is the remainder when i(0) is divided by 22?
17
Suppose -208 = -5*m + 3*x, 240 = -233*m + 238*m + 5*x. Suppose l = -0*l + 87. What is the remainder when l is divided by m?
43
Let k = 347 + 125. What is the remainder when k is divided by 43?
42
Let r = 690 - 673. Calculate the remainder when 264 is divided by r.
9
Suppose 63 = -4*o + 955. Suppose 16*i = 29*i - 585. Calculate the remainder when o is divided by i.
43
Suppose 9*l = -2*q + 6*l - 16, -2*l - 6 = -q. Let k = 6 - q. Let m = 3 + k. What is the remainder when m is divided by 3?
2
Suppose -3*y = 3*u - 108, 3*u - 35 + 9 = -y. What is the remainder when y is divided by 8?
1
Suppose 6*o + r - 31 = o, 0 = 4*o + 4*r - 28. Let v(y) = -6*y + 3. Calculate the remainder when 847/21 + 4/o is divided by v(-3).
20
Let j(w) = -3*w - 11. Let z(n) = 4*n + 12. Let g(x) = 5*j(x) + 4*z(x). Let r be g(-6). Calculate the remainder when r/((-52)/216) - 0 is divided by 29.
25
Let i = -111 + 160. What is the remainder when 145 is divided by i?
47
Let g = 3636 + -2080. What is the remainder when g is divided by 41?
39
Let k(i) = -i**2 + 20*i - 55. Let n(x) = -x**2 + 21*x - 56. Let g(d) = -3*k(d) + 2*n(d). What is the remainder when g(22) is divided by 36?
33
Let m(t) = 2*t**3 - t**2 + 2*t - 3. Let l be (-1)/5 + (-143)/(-65). Suppose 9 - 1 = l*h. What is the remainder when m(2) is divided by h?
1
Suppose -a + 57 - 18 = 0. Let v = a - 30. Calculate the remainder when 34 is divided by v.
7
Let v be 22/8 + 4/16. Let q be ((-2)/v)/(2/(-3)). Let i(g) = 19*g**3 - g + 1. Calculate the remainder when 56 is divided by i(q).
18
Let g be 33/1 - (-2 + 3). Let n = g + -5. Suppose -2*j - 4*z + 224 = 0, -j + z - 533 = -6*j. What is the remainder when j is divided by n?
25
Let w = 1399 + -1238. What is the remainder when w is divided by 15?
11
Suppose -4*x - 5*s = -249, -3*x - 4*s + 318 = 2*x. Let h = 127 - x. Calculate the remainder when h is divided by 8.
5
Let c(b) = b + 9. Let q be c(-7). Suppose -q*y + 142 = -4*t, -5*y + 2*t + t = -362. Calculate the remainder when y is divided by 19.
16
Let v(j) = -7*j + 334. What is the remainder when 456 is divided by v(31)?
105
Suppose 12*r - 2*y = 13*r - 7, r = -5*y - 8. What is the remainder when 44 is divided by r?
10
Let r(t) = -t**3 + 22*t**2 - 61*t - 18. What is the remainder when r(18) is divided by 14?
12
Let m = 654 - 441. Calculate the remainder when m is divided by 27.
24
Let n = 2215 - 1245. What is the remainder when n is divided by 27?
25
Suppose 0*d - 4*d = 44. Let p = -10 - d. Suppose -5*t + 1 + 4 = 0. What is the remainder when t is divided by p?
0
Let f = 28 - -45. Let b = -45 + f. What is the remainder when 53 is divided by b?
25
Let b = -972 + 1969. Calculate the remainder when b is divided by 125.
122
Suppose -1007 = -10*k + 173. Calculate the remainder when 365 is divided by k.
11
Calculate the remainder when 857/(-2)*(2/1)/(-1) is divided by 26.
25
Suppose -r + 32 = -4*v - 7, -57 = -r - 2*v. Suppose -5*o = -15 - 5. Suppose -l = 3*m - 52, o*m + 60 = 7*m - 3*l. What is the remainder when r is divided by m?
15
Let t(q) = 3*q + 14. Let j(b) = 3*b**2 + 2*b. Let k be j(-2). Calculate the remainder when t(k) is divided by (-336)/(-34) - (-10)/(-255)*-3.
8
Let r be (2 - 2/2) + 7. Suppose 0*h + r*h - 40 = 0. Calculate the remainder when 23 is divided by h.
3
Suppose 0*f = 30*f - 9330. What is the remainder when f is divided by 24?
23
Let f(p) = 2*p - 9. Suppose 2*r = 6*r + 28. Calculate the remainder when 53/7 - 3/r is divided by f(7).
3
Let t(y) = 6*y - 3. Suppose 4*j = 2*j + 12. Calculate the remainder when t(j) is divided by (-11 - 141/(-12))/(3 - (-35)/(-12)).
6
Suppose -4*i + 2*d + 70 = 0, 88 = -8*i + 13*i - 3*d. Suppose 3*c - 740 = -5*x, x = 5*c - 2*c + 166. Calculate the remainder when x is divided by i.
15
Let y(j) = 3*j**3 - 73*j - 5. Calculate the remainder when y(6) is divided by 71.
63
Suppose 3*q + 4 = -2*q + 3*v, -12 = q + 5*v. Calculate the remainder when (540/40)/(q/(-4)) is divided by 14.
13
Let p(t) = t**3 - 7*t**2 - 5*t + 59. What is the remainder when 84 is divided by p(7)?
12
Let v = 92 + -27. Let f = -54 + 71. Calculate the remainder when v is divided by f.
14
What is the remainder when -3 - -1*(-1 - -29) is divided by 20?
5
Let w(f) = 2*f**3 + 14*f**2 - 16*f + 12. Calculate 